, what is 0 + 303243?
303243
In base 2, what is -111000011011001001111 - -10?
-111000011011001001101
In base 8, what is -1523370 - 3?
-1523373
In base 3, what is -2 - -1102220?
1102211
In base 6, what is -410232 - -4?
-410224
In base 8, what is -162 - -2323?
2141
In base 16, what is -3 - -8bcc?
8bc9
In base 11, what is 2917 - 5?
2912
In base 11, what is 6270 - 59?
6212
In base 13, what is 59 + -240?
-1b4
In base 5, what is -3432403 - -2?
-3432401
In base 12, what is 4479 - -54?
4511
In base 11, what is -119833 + -5?
-119838
In base 5, what is 3123313 - -12?
3123330
In base 14, what is -37613 - -7?
-3760a
In base 12, what is 1595 - -53?
1628
In base 16, what is -5 + -387bd?
-387c2
In base 10, what is 238612 + 4?
238616
In base 10, what is 4 + 126928?
126932
In base 6, what is 2 - 4050?
-4044
In base 12, what is 270 - -239?
4a9
In base 16, what is 2d - -115?
142
In base 6, what is -3121 - -124?
-2553
In base 8, what is 305600 + -5?
305573
In base 11, what is 1561 - -4?
1565
In base 5, what is -303 + 402?
44
In base 11, what is 16115 - 31?
16094
In base 13, what is 1b93 - 56?
1b3a
In base 13, what is -34 + -21?
-55
In base 9, what is 541 + 107?
648
In base 9, what is 153 - 15648?
-15485
In base 15, what is -464 - 39?
-49d
In base 6, what is -11 + 3531?
3520
In base 2, what is 111011111001001 + -101?
111011111000100
In base 5, what is -201343313 + 1?
-201343312
In base 15, what is -15 - 1c6c?
-1c82
In base 12, what is -53 + -5486?
-5519
In base 3, what is 1120101 - -102?
1120210
In base 2, what is -10011011011 + -10001100110?
-100101000001
In base 5, what is -13022 - -100?
-12422
In base 9, what is -17 - 17514?
-17532
In base 5, what is 324 - 311?
13
In base 5, what is 1222220 + -21?
1222144
In base 14, what is -3b42 - -2?
-3b40
In base 9, what is -24527 + -4?
-24532
In base 15, what is 0 - b982?
-b982
In base 8, what is 5 + -6646174?
-6646167
In base 16, what is c4b - 5a?
bf1
In base 5, what is 2004423 - -2?
2004430
In base 5, what is 404 - 3004024?
-3003120
In base 14, what is -3a - -97d?
943
In base 7, what is 2363020 - -4?
2363024
In base 3, what is 10122 + -12102?
-1210
In base 9, what is 517 - 2113?
-1485
In base 10, what is 836428 + -5?
836423
In base 12, what is -33b + -270?
-5ab
In base 10, what is 3189 + 64?
3253
In base 3, what is -12202 - 110010?
-122212
In base 3, what is -101022 - 20211011?
-21012110
In base 16, what is a8f - 5?
a8a
In base 8, what is 4 - 362541?
-362535
In base 5, what is -4 + -112414?
-112423
In base 7, what is -1066 - -3?
-1063
In base 13, what is -2 + 27563?
27561
In base 2, what is -10110010101 - 10001?
-10110100110
In base 9, what is -4 - -451300?
451285
In base 13, what is -9851c - 4?
-98523
In base 11, what is 7 - 11333?
-11327
In base 11, what is -10250 - 5?
-10255
In base 16, what is e2 - -24?
106
In base 13, what is -3c517 - -28?
-3c4bc
In base 12, what is -52 + 5?
-49
In base 3, what is -11020000 - -12200?
-11000100
In base 2, what is -111001111101101 + 10?
-111001111101011
In base 8, what is 61 + 6543?
6624
In base 3, what is 11021101002 + 0?
11021101002
In base 14, what is -3b89a - -21?
-3b879
In base 9, what is 317 - -32245?
32563
In base 4, what is 30312 + -2221?
22031
In base 3, what is -1201110221 - -10?
-1201110211
In base 9, what is 1 - -3282?
3283
In base 4, what is -3 + 103210?
103201
In base 12, what is 109 - 443?
-336
In base 8, what is 4 + -153154?
-153150
In base 13, what is -2 + 5557?
5555
In base 2, what is 11111000000100011 - -10?
11111000000100101
In base 14, what is -2470 - -14?
-245a
In base 15, what is -1d03 - -2e?
-1cc4
In base 15, what is 11 + -798?
-787
In base 11, what is 450 - 111a?
-77a
In base 7, what is 264612 - -46?
264661
In base 10, what is 1168 + 37?
1205
In base 11, what is -2 - -41353?
41351
In base 14, what is 2 + 5962?
5964
In base 16, what is -270fd + 2?
-270fb
In base 3, what is 2 - -122201012012?
122201012021
In base 4, what is -1 - 11120022?
-11120023
In base 7, what is -51 - 143532?
-143613
In base 14, what is -28d7a + 0?
-28d7a
In base 15, what is -b - -6bd00?
6bce4
In base 15, what is -7 + 74cc?
74c5
In base 3, what is -11 - 1011120200?
-1011120211
In base 13, what is 9aa814 - -2?
9aa816
In base 6, what is -5330540 + 1?
-5330535
In base 16, what is -2 + -5885?
-5887
In base 15, what is -e + -6698?
-66a7
In base 9, what is -147 - -10584?
10436
In base 8, what is -112616 - 4?
-112622
In base 9, what is 8585 + 34?
8630
In base 14, what is 716d - 2?
716b
In base 12, what is -7 + -58626?
-58631
In base 14, what is -4c - -107?
99
In base 13, what is -245 + -1a09?
-1c51
In base 4, what is -100 - -213011?
212311
In base 16, what is 1c - 2cc?
-2b0
In base 7, what is 210 - -2464?
3004
In base 13, what is -b895 - -9?
-b889
In base 7, what is -6053310 + 4?
-6053303
In base 11, what is -11 + 586?
575
In base 10, what is -233 - 629?
-862
In base 14, what is -1740 - 19?
-1759
In base 12, what is 2 + 1649b3?
1649b5
In base 6, what is 202 + 4431?
5033
In base 7, what is -230445 - -2?
-230443
In base 11, what is -2a3 - 135?
-428
In base 4, what is 222321 - -2?
222323
In base 10, what is -18379 - -5?
-18374
In base 3, what is 22212 - 2222010?
-2122021
In base 11, what is -215 + 35?
-190
In base 11, what is 10 + -10141?
-10131
In base 5, what is -114143 - -21?
-114122
In base 9, what is -4701 - 32?
-4733
In base 13, what is -201 + 3168?
2c67
In base 14, what is -1d + -18124?
-18143
In base 6, what is -5205 - 14?
-5223
In base 4, what is 2 + -33101103?
-33101101
In base 16, what is -7a7 - -13?
-794
In base 13, what is 86b33a - -3?
86b340
In base 3, what is -222012 - 2002?
-1001021
In base 11, what is 328 - -9?
336
In base 7, what is -1560613 - 2?
-1560615
In base 4, what is 12311 + 30003?
102320
In base 10, what is 7 - -9217?
9224
In base 14, what is -289c41 + -2?
-289c43
In base 16, what is da8 + 7?
daf
In base 3, what is 22212120 + -100?
22212020
In base 12, what is 4 - 167574?
-167570
In base 10, what is 23 + 23471?
23494
In base 15, what is -306 + 123?
-1d3
In base 11, what is -17749 + 1?
-17748
In base 5, what is -10 - -1244402?
1244342
In base 14, what is -30 - -53?
23
In base 16, what is -14 + cd0?
cbc
In base 5, what is -412 + -1233?
-2200
In base 14, what is -2a3c + 5?
-2a37
In base 8, what is -412 + -12073?
-12505
In base 3, what is 11 + 210002212?
210010000
In base 6, what is -45 - 105212?
-105301
In base 14, what is -10693 + 20?
-10673
In base 7, what is -1163626 - 4?
-1163633
In base 2, what is -11001010010011111 + -10?
-11001010010100001
In base 9, what is 3 - 33204?
-33201
In base 11, what is 28a56 + -60?
289a6
In base 3, what is 2121200010 + -10?
2121200000
In base 15, what is 306 - -1032?
1338
In base 7, what is 4 + -315335?
-315331
In base 15, what is 29 + e355?
e37e
In base 7, what is 0 + -1514223?
-1514223
In base 11, what is 33412 - -2?
33414
In base 15, what is 4179 + 6?
4180
In base 5, what is -13314 + -234?
-14103
In base 15, what is 28d51 - -c?
28d5d
In base 8, what is 5 + 3367211?
3367216
In base 8, what is 612440 - 2?
612436
In base 16, what is -15 - -37d7?
37c2
In base 12, what is -5 - 262a?
-2633
In base 11, what is -16021 - 11?
-16032
In base 16, what is -6c + -761f?
-768b
In base 15, what is e49e2 + 4?
e49e6
In base 16, what is -fb + -a?
-105
In base 8, what is 342464 + 4?
342470
In base 3, what is -212201101222 - 10?
-212201102002
In base 6, what is -3504144 + 25?
-3504115
In base 12, what is 253 + -9?
246
In base 7, what is 35424 - -3?
35430
In base 14, what is -a1 + -6b4?
-775
In base 15, what is 0 + -28c?
-28c
In base 4, what is -1102 - 112131?
-113233
In base 14, what is 33a0c + 0?
33a0c
In base 3, what is 111101 + -20021022?
-12202221
In base 11, what is -1 - 55781?
-55782
In base 9, what is -1425 - 180?
-1615
In base 4, what is 10 - -1223010?
1223020
In base 14, what is -2 + -b022?
-b024
In base 4, what is -31131 - 2021?
-33212
In base 8, what is 2200 - -66?
2266
In base 12, what is 17b - -63?
222
In base 10, what is -1579 + -417?
-1996
In base 6, what is -45 - -2021454?
2021405
In base 3, what is -211020201 - 12?
-211020220
In base 14, what is -118a + 68?
-1122
In base 6, what is 242 + 44145?
44431
In base 8, what is -35643545 + -4?
-35643551
In base 15, what is -26 - -19a?
174
In base 6, what is 41431012 - 5?
41431003
In base 12, what is 